{"id":1012,"date":"2026-02-18T06:52:20","date_gmt":"2026-02-18T05:52:20","guid":{"rendered":"https:\/\/www.semo-11.fr\/?post_type=product&#038;p=1012"},"modified":"2026-02-18T06:52:57","modified_gmt":"2026-02-18T05:52:57","slug":"adhesion-2026","status":"publish","type":"product","link":"https:\/\/www.semo-11.fr\/index.php\/produit\/adhesion-2026\/","title":{"rendered":"Adh\u00e9sion 2026"},"content":{"rendered":"","protected":false},"excerpt":{"rendered":"<p><strong>Adh\u00e9sion pour l&#8217;ann\u00e9e 2026<\/strong><\/p>\n<p><span style=\"color: #000000;\">Le SEMO propose dans le cadre de cet espace les services suivants:<br \/>\n<\/span><\/p>\n<ul>\n<li>mise en ligne du Flash Social<\/li>\n<li>mod\u00e8les de contrats de travail ( CDI , CDD , saisonniers, &#8230;)<\/li>\n<li>convention collective<\/li>\n<li>actualisation des taux des cotisations<\/li>\n<li>actualit\u00e9 sociale<\/li>\n<li>proc\u00e9dures de licenciement<\/li>\n<\/ul>\n","protected":false},"featured_media":765,"template":"","meta":[],"product_brand":[],"product_cat":[35],"product_tag":[],"class_list":{"0":"post-1012","1":"product","2":"type-product","3":"status-publish","4":"has-post-thumbnail","6":"product_cat-adhesion","8":"first","9":"instock","10":"virtual","11":"purchasable","12":"product-type-simple"},"_links":{"self":[{"href":"https:\/\/www.semo-11.fr\/index.php\/wp-json\/wp\/v2\/product\/1012","targetHints":{"allow":["GET"]}}],"collection":[{"href":"https:\/\/www.semo-11.fr\/index.php\/wp-json\/wp\/v2\/product"}],"about":[{"href":"https:\/\/www.semo-11.fr\/index.php\/wp-json\/wp\/v2\/types\/product"}],"wp:featuredmedia":[{"embeddable":true,"href":"https:\/\/www.semo-11.fr\/index.php\/wp-json\/wp\/v2\/media\/765"}],"wp:attachment":[{"href":"https:\/\/www.semo-11.fr\/index.php\/wp-json\/wp\/v2\/media?parent=1012"}],"wp:term":[{"taxonomy":"product_brand","embeddable":true,"href":"https:\/\/www.semo-11.fr\/index.php\/wp-json\/wp\/v2\/product_brand?post=1012"},{"taxonomy":"product_cat","embeddable":true,"href":"https:\/\/www.semo-11.fr\/index.php\/wp-json\/wp\/v2\/product_cat?post=1012"},{"taxonomy":"product_tag","embeddable":true,"href":"https:\/\/www.semo-11.fr\/index.php\/wp-json\/wp\/v2\/product_tag?post=1012"}],"curies":[{"name":"wp","href":"https:\/\/api.w.org\/{rel}","templated":true}]}}